[INFO] fetching crate noah-api 0.4.0...
[INFO] checking noah-api-0.4.0 against master#e6e4f7ed1589e03bc2f6c5931c1a72e7947e8682 for beta-170-4
[INFO] extracting crate noah-api 0.4.0 into /workspace/builds/worker-7-tc2/source
[INFO] validating manifest of crates.io crate noah-api 0.4.0 on toolchain e6e4f7ed1589e03bc2f6c5931c1a72e7947e8682
[INFO] running `Command { std: CARGO_HOME="/workspace/cargo-home" RUSTUP_HOME="/workspace/rustup-home" "/workspace/cargo-home/bin/cargo" "+e6e4f7ed1589e03bc2f6c5931c1a72e7947e8682" "metadata" "--manifest-path" "Cargo.toml" "--no-deps", kill_on_drop: false }`
[INFO] started tweaking crates.io crate noah-api 0.4.0
[INFO] finished tweaking crates.io crate noah-api 0.4.0
[INFO] tweaked toml for crates.io crate noah-api 0.4.0 written to /workspace/builds/worker-7-tc2/source/Cargo.toml
[INFO] crate crates.io crate noah-api 0.4.0 already has a lockfile, it will not be regenerated
[INFO] running `Command { std: CARGO_HOME="/workspace/cargo-home" RUSTUP_HOME="/workspace/rustup-home" "/workspace/cargo-home/bin/cargo" "+e6e4f7ed1589e03bc2f6c5931c1a72e7947e8682" "fetch" "--manifest-path" "Cargo.toml", kill_on_drop: false }`
[INFO] running `Command { std: "docker" "create" "-v" "/var/lib/crater-agent-workspace/builds/worker-7-tc2/target:/opt/rustwide/target:rw,Z" "-v" "/var/lib/crater-agent-workspace/builds/worker-7-tc2/source:/opt/rustwide/workdir:ro,Z" "-v" "/var/lib/crater-agent-workspace/cargo-home:/opt/rustwide/cargo-home:ro,Z" "-v" "/var/lib/crater-agent-workspace/rustup-home:/opt/rustwide/rustup-home:ro,Z" "-e" "SOURCE_DIR=/opt/rustwide/workdir" "-e" "CARGO_TARGET_DIR=/opt/rustwide/target" "-e" "CARGO_HOME=/opt/rustwide/cargo-home" "-e" "RUSTUP_HOME=/opt/rustwide/rustup-home" "-w" "/opt/rustwide/workdir" "-m" "1610612736" "--user" "0:0" "--network" "none" "ghcr.io/rust-lang/crates-build-env/linux@sha256:19e73879b68f455e41552ea35293514db52ea292d993f571636dbffedb77a1ee" "/opt/rustwide/cargo-home/bin/cargo" "+e6e4f7ed1589e03bc2f6c5931c1a72e7947e8682" "metadata" "--no-deps" "--format-version=1", kill_on_drop: false }`
[INFO] [stdout] 270359337d550e216863dfd1bab41ac2cac001d83d840b7777bf16bf13eee82d
[INFO] running `Command { std: "docker" "start" "-a" "270359337d550e216863dfd1bab41ac2cac001d83d840b7777bf16bf13eee82d", kill_on_drop: false }`
[INFO] running `Command { std: "docker" "inspect" "270359337d550e216863dfd1bab41ac2cac001d83d840b7777bf16bf13eee82d", kill_on_drop: false }`
[INFO] running `Command { std: "docker" "rm" "-f" "270359337d550e216863dfd1bab41ac2cac001d83d840b7777bf16bf13eee82d", kill_on_drop: false }`
[INFO] [stdout] 270359337d550e216863dfd1bab41ac2cac001d83d840b7777bf16bf13eee82d
[INFO] running `Command { std: "docker" "create" "-v" "/var/lib/crater-agent-workspace/builds/worker-7-tc2/target:/opt/rustwide/target:rw,Z" "-v" "/var/lib/crater-agent-workspace/builds/worker-7-tc2/source:/opt/rustwide/workdir:ro,Z" "-v" "/var/lib/crater-agent-workspace/cargo-home:/opt/rustwide/cargo-home:ro,Z" "-v" "/var/lib/crater-agent-workspace/rustup-home:/opt/rustwide/rustup-home:ro,Z" "-e" "SOURCE_DIR=/opt/rustwide/workdir" "-e" "CARGO_TARGET_DIR=/opt/rustwide/target" "-e" "CARGO_INCREMENTAL=0" "-e" "RUST_BACKTRACE=full" "-e" "RUSTFLAGS=--cap-lints=forbid" "-e" "RUSTDOCFLAGS=--cap-lints=forbid" "-e" "CARGO_HOME=/opt/rustwide/cargo-home" "-e" "RUSTUP_HOME=/opt/rustwide/rustup-home" "-w" "/opt/rustwide/workdir" "-m" "1610612736" "--user" "0:0" "--network" "none" "ghcr.io/rust-lang/crates-build-env/linux@sha256:19e73879b68f455e41552ea35293514db52ea292d993f571636dbffedb77a1ee" "/opt/rustwide/cargo-home/bin/cargo" "+e6e4f7ed1589e03bc2f6c5931c1a72e7947e8682" "check" "--frozen" "--all" "--all-targets" "--message-format=json", kill_on_drop: false }`
[INFO] [stdout] 8cf9ec25c5cdbdbd88ddaa900091b2465a51bd2d4641ecf86632b81964bf92fc
[INFO] running `Command { std: "docker" "start" "-a" "8cf9ec25c5cdbdbd88ddaa900091b2465a51bd2d4641ecf86632b81964bf92fc", kill_on_drop: false }`
[INFO] [stderr]    Compiling version_check v0.9.4
[INFO] [stderr]    Compiling proc-macro2 v1.0.49
[INFO] [stderr]    Compiling unicode-ident v1.0.6
[INFO] [stderr]    Compiling quote v1.0.23
[INFO] [stderr]    Compiling typenum v1.16.0
[INFO] [stderr]    Compiling syn v1.0.107
[INFO] [stderr]    Compiling autocfg v1.1.0
[INFO] [stderr]    Compiling libc v0.2.139
[INFO] [stderr]     Checking subtle v2.4.1
[INFO] [stderr]    Compiling unicode-xid v0.2.4
[INFO] [stderr]     Checking ppv-lite86 v0.2.17
[INFO] [stderr]    Compiling serde_derive v1.0.152
[INFO] [stderr]    Compiling num-traits v0.2.15
[INFO] [stderr]    Compiling serde v1.0.152
[INFO] [stderr]    Compiling generic-array v0.14.6
[INFO] [stderr]    Compiling num-integer v0.1.45
[INFO] [stderr]     Checking getrandom v0.2.8
[INFO] [stderr]    Compiling paste v1.0.11
[INFO] [stderr]     Checking rand_core v0.6.4
[INFO] [stderr]    Compiling num-bigint v0.4.3
[INFO] [stderr]     Checking rand_chacha v0.3.1
[INFO] [stderr]     Checking rand v0.8.5
[INFO] [stderr]     Checking either v1.8.0
[INFO] [stderr]     Checking itertools v0.10.5
[INFO] [stderr]    Compiling ahash v0.8.2
[INFO] [stderr]     Checking once_cell v1.17.0
[INFO] [stderr]    Compiling thiserror v1.0.38
[INFO] [stderr]     Checking crypto-common v0.1.6
[INFO] [stderr]     Checking block-buffer v0.10.3
[INFO] [stderr]     Checking digest v0.10.6
[INFO] [stderr]     Checking ark-std v0.4.0-alpha
[INFO] [stderr]     Checking cpufeatures v0.2.5
[INFO] [stderr]     Checking itoa v1.0.5
[INFO] [stderr]     Checking byteorder v1.4.3
[INFO] [stderr]     Checking hashbrown v0.13.1
[INFO] [stderr]    Compiling crunchy v0.2.2
[INFO] [stderr]    Compiling serde_json v1.0.91
[INFO] [stderr]     Checking byte-slice-cast v1.2.2
[INFO] [stderr]    Compiling log v0.4.17
[INFO] [stderr]    Compiling wasm-bindgen-shared v0.2.83
[INFO] [stderr]     Checking arrayvec v0.7.2
[INFO] [stderr]     Checking ryu v1.0.12
[INFO] [stderr]    Compiling cfg-if v1.0.0
[INFO] [stderr]    Compiling cc v1.0.78
[INFO] [stderr]    Compiling bumpalo v3.11.1
[INFO] [stderr]     Checking keccak v0.1.3
[INFO] [stderr]     Checking sha2 v0.10.6
[INFO] [stderr]     Checking inout v0.1.3
[INFO] [stderr]    Compiling failure_derive v0.1.8
[INFO] [stderr]    Compiling semver v1.0.16
[INFO] [stderr]     Checking sha3 v0.10.6
[INFO] [stderr]     Checking cipher v0.4.3
[INFO] [stderr]    Compiling digest v0.9.0
[INFO] [stderr]    Compiling indexmap v1.9.2
[INFO] [stderr]     Checking time-core v0.1.0
[INFO] [stderr]     Checking hex v0.4.3
[INFO] [stderr]    Compiling wasm-bindgen v0.2.83
[INFO] [stderr]    Compiling libsecp256k1-core v0.3.0
[INFO] [stderr]     Checking opaque-debug v0.3.0
[INFO] [stderr]     Checking time v0.3.17
[INFO] [stderr]     Checking half v1.8.2
[INFO] [stderr]     Checking signature v1.6.4
[INFO] [stderr]     Checking ciborium-io v0.2.0
[INFO] [stderr]     Checking os_str_bytes v6.4.1
[INFO] [stderr]     Checking hashbrown v0.12.3
[INFO] [stderr]    Compiling clear_on_drop v0.2.5
[INFO] [stderr]     Checking clap_lex v0.2.4
[INFO] [stderr]    Compiling rustc_version v0.4.0
[INFO] [stderr]     Checking ciborium-ll v0.2.0
[INFO] [stderr]     Checking ed25519 v1.5.2
[INFO] [stderr]     Checking ruc v1.0.8
[INFO] [stderr]    Compiling libsecp256k1-gen-genmult v0.3.0
[INFO] [stderr]    Compiling libsecp256k1-gen-ecmult v0.3.0
[INFO] [stderr]     Checking ctr v0.9.2
[INFO] [stderr]    Compiling synstructure v0.12.6
[INFO] [stderr]    Compiling wasm-bindgen-backend v0.2.83
[INFO] [stderr]     Checking aes v0.8.2
[INFO] [stderr]     Checking hmac v0.12.1
[INFO] [stderr]     Checking universal-hash v0.5.0
[INFO] [stderr]     Checking crypto-mac v0.8.0
[INFO] [stderr]     Checking cast v0.3.0
[INFO] [stderr]     Checking same-file v1.0.6
[INFO] [stderr]     Checking derivation-path v0.2.0
[INFO] [stderr]    Compiling toml v0.5.10
[INFO] [stderr]     Checking base64 v0.20.0
[INFO] [stderr]     Checking textwrap v0.16.0
[INFO] [stderr]     Checking regex-syntax v0.6.28
[INFO] [stderr]     Checking bitflags v1.3.2
[INFO] [stderr]     Checking criterion-plot v0.5.0
[INFO] [stderr]     Checking clap v3.2.23
[INFO] [stderr]     Checking walkdir v2.3.2
[INFO] [stderr]     Checking hmac v0.8.1
[INFO] [stderr]    Compiling libsecp256k1 v0.7.1
[INFO] [stderr]     Checking polyval v0.6.0
[INFO] [stderr]    Compiling noah-plonk v0.4.0
[INFO] [stderr]    Compiling wasm-bindgen-macro-support v0.2.83
[INFO] [stderr]     Checking block-buffer v0.9.0
[INFO] [stderr]     Checking atty v0.2.14
[INFO] [stderr]    Compiling lock_api v0.4.9
[INFO] [stderr]     Checking lazy_static v1.4.0
[INFO] [stderr]     Checking anes v0.1.6
[INFO] [stderr]     Checking oorandom v11.1.3
[INFO] [stderr]    Compiling parking_lot_core v0.9.5
[INFO] [stderr]     Checking sha2 v0.9.9
[INFO] [stderr]     Checking regex v1.7.0
[INFO] [stderr]     Checking ghash v0.5.0
[INFO] [stderr]     Checking hmac-drbg v0.3.0
[INFO] [stderr]     Checking rmp v0.8.11
[INFO] [stderr]     Checking aead v0.5.1
[INFO] [stderr]     Checking scopeguard v1.1.0
[INFO] [stderr]     Checking nodrop v0.1.14
[INFO] [stderr]     Checking base64 v0.13.1
[INFO] [stderr]     Checking smallvec v1.10.0
[INFO] [stderr]     Checking arrayref v0.3.6
[INFO] [stderr]     Checking generic-array v0.3.2
[INFO] [stderr]     Checking aes-gcm v0.10.1
[INFO] [stderr]     Checking linear-map v1.2.0
[INFO] [stderr]     Checking bit-vec v0.4.4
[INFO] [stderr]     Checking bit-array v0.4.4
[INFO] [stderr]     Checking parking_lot v0.12.1
[INFO] [stderr]    Compiling zeroize_derive v1.3.3
[INFO] [stderr]    Compiling ark-serialize-derive v0.4.0-alpha.7
[INFO] [stderr]    Compiling thiserror-impl v1.0.38
[INFO] [stderr]    Compiling derivative v2.2.0
[INFO] [stderr]    Compiling ark-ff-macros v0.4.0-alpha.7
[INFO] [stderr]    Compiling ark-ff-asm v0.4.0-alpha.7
[INFO] [stderr]    Compiling impl-trait-for-tuples v0.2.2
[INFO] [stderr]     Checking zeroize v1.5.7
[INFO] [stderr]    Compiling derive_more v0.99.17
[INFO] [stderr]     Checking merlin v3.0.0
[INFO] [stderr]     Checking ark-serialize v0.4.0-alpha.7
[INFO] [stderr]    Compiling wasm-bindgen-macro v0.2.83
[INFO] [stderr]    Compiling proc-macro-crate v1.2.1
[INFO] [stderr]     Checking failure v0.1.8
[INFO] [stderr]    Compiling parity-scale-codec-derive v3.1.3
[INFO] [stderr]    Compiling scale-info-derive v2.3.1
[INFO] [stderr]     Checking ark-ff v0.4.0-alpha.7
[INFO] [stderr]     Checking parity-scale-codec v3.2.1
[INFO] [stderr]     Checking scale-info v2.3.1
[INFO] [stderr]     Checking noah-curve25519-dalek v4.0.0
[INFO] [stderr]     Checking ciborium v0.2.0
[INFO] [stderr]     Checking bincode v1.3.3
[INFO] [stderr]     Checking serde_str v0.1.0
[INFO] [stderr]     Checking rmp-serde v1.1.1
[INFO] [stderr]     Checking noah-x25519-dalek v4.0.0
[INFO] [stderr]     Checking noah-bulletproofs v4.0.0
[INFO] [stderr]     Checking noah-ed25519-dalek v4.0.0
[INFO] [stderr]     Checking tinytemplate v1.2.1
[INFO] [stderr]     Checking criterion v0.4.0
[INFO] [stderr]     Checking ark-poly v0.4.0-alpha.7
[INFO] [stderr]     Checking ark-ec v0.4.0-alpha.7
[INFO] [stderr]     Checking ark-curve25519 v0.4.0-alpha.2
[INFO] [stderr]     Checking ark-secp256k1 v0.4.0-alpha.2
[INFO] [stderr]     Checking ark-bls12-381 v0.4.0-alpha.2
[INFO] [stderr]     Checking ark-algebra-test-templates v0.4.0-alpha.7
[INFO] [stderr]     Checking ark-secq256k1 v0.4.0-alpha.2
[INFO] [stderr]     Checking ark-ed25519 v0.4.0-alpha.2
[INFO] [stderr]     Checking ark-bulletproofs v4.0.0
[INFO] [stderr]     Checking ark-ed-on-bls12-381 v0.4.0-alpha.2
[INFO] [stderr]     Checking noah-algebra v0.4.0
[INFO] [stderr]     Checking noah-crypto v0.4.0
[INFO] [stderr]     Checking noah-api v0.4.0 (/opt/rustwide/workdir)
[INFO] [stdout] error[E0433]: failed to resolve: use of undeclared crate or module `noah_accumulators`
[INFO] [stdout]   --> benches/anon_xfr.rs:24:5
[INFO] [stdout]    |
[INFO] [stdout] 24 | use noah_accumulators::merkle_tree::{PersistentMerkleTree, Proof, TreePath};
[INFO] [stdout]    |     ^^^^^^^^^^^^^^^^^ use of undeclared crate or module `noah_accumulators`
[INFO] [stdout] 
[INFO] [stdout] 
[INFO] [stdout] error[E0433]: failed to resolve: use of undeclared crate or module `storage`
[INFO] [stdout]   --> benches/anon_xfr.rs:31:5
[INFO] [stdout]    |
[INFO] [stdout] 31 | use storage::{
[INFO] [stdout]    |     ^^^^^^^ use of undeclared crate or module `storage`
[INFO] [stdout] 
[INFO] [stdout] 
[INFO] [stdout] error[E0432]: unresolved import `mem_db`
[INFO] [stdout]  --> benches/anon_xfr.rs:3:5
[INFO] [stdout]   |
[INFO] [stdout] 3 | use mem_db::MemoryDB;
[INFO] [stdout]   |     ^^^^^^ use of undeclared crate or module `mem_db`
[INFO] [stdout] 
[INFO] [stdout] 
[INFO] [stdout] error[E0433]: failed to resolve: use of undeclared crate or module `noah_accumulators`
[INFO] [stdout]  --> benches/merkle_tree.rs:7:5
[INFO] [stdout]   |
[INFO] [stdout] 7 | use noah_accumulators::merkle_tree::{PersistentMerkleTree, Proof, TreePath};
[INFO] [stdout]   |     ^^^^^^^^^^^^^^^^^ use of undeclared crate or module `noah_accumulators`
[INFO] [stdout] 
[INFO] [stdout] 
[INFO] [stdout] error[E0433]: failed to resolve: use of undeclared crate or module `storage`
[INFO] [stdout]   --> benches/merkle_tree.rs:19:5
[INFO] [stdout]    |
[INFO] [stdout] 19 | use storage::state::{ChainState, State};
[INFO] [stdout]    |     ^^^^^^^ use of undeclared crate or module `storage`
[INFO] [stdout] 
[INFO] [stdout] 
[INFO] [stdout] error[E0433]: failed to resolve: use of undeclared crate or module `storage`
[INFO] [stdout]   --> benches/merkle_tree.rs:20:5
[INFO] [stdout]    |
[INFO] [stdout] 20 | use storage::store::PrefixedStore;
[INFO] [stdout]    |     ^^^^^^^ use of undeclared crate or module `storage`
[INFO] [stdout] 
[INFO] [stdout] 
[INFO] [stdout] error[E0432]: unresolved import `mem_db`
[INFO] [stdout]  --> benches/merkle_tree.rs:3:5
[INFO] [stdout]   |
[INFO] [stdout] 3 | use mem_db::MemoryDB;
[INFO] [stdout]   |     ^^^^^^ use of undeclared crate or module `mem_db`
[INFO] [stdout] 
[INFO] [stdout] 
[INFO] [stdout] error: aborting due to 4 previous errors
[INFO] [stdout] 
[INFO] [stdout] 
[INFO] [stdout] Some errors have detailed explanations: E0432, E0433.
[INFO] [stdout] 
[INFO] [stdout] For more information about an error, try `rustc --explain E0432`.
[INFO] [stdout] 
[INFO] [stderr] error: could not compile `noah-api` (bench "merkle_tree") due to 5 previous errors
[INFO] [stderr] warning: build failed, waiting for other jobs to finish...
[INFO] [stdout] error: aborting due to 3 previous errors
[INFO] [stdout] 
[INFO] [stdout] 
[INFO] [stdout] Some errors have detailed explanations: E0432, E0433.
[INFO] [stdout] 
[INFO] [stdout] For more information about an error, try `rustc --explain E0432`.
[INFO] [stdout] 
[INFO] [stderr] error: could not compile `noah-api` (bench "anon_xfr") due to 4 previous errors
[INFO] running `Command { std: "docker" "inspect" "8cf9ec25c5cdbdbd88ddaa900091b2465a51bd2d4641ecf86632b81964bf92fc", kill_on_drop: false }`
[INFO] running `Command { std: "docker" "rm" "-f" "8cf9ec25c5cdbdbd88ddaa900091b2465a51bd2d4641ecf86632b81964bf92fc", kill_on_drop: false }`
[INFO] [stdout] 8cf9ec25c5cdbdbd88ddaa900091b2465a51bd2d4641ecf86632b81964bf92fc
